f.
2, 3, 43
Let f(j) = 31*j**2 + 4*j + 3. Let z be f(4). Suppose 379 = 3*l - u - 4*u, -3*u + z = 4*l. Suppose -5*r + 12 + l = 0. What are the prime factors of r?
2, 7
Suppose -3*m = -k - 2593, 5*k = -3*m + 3*k + 2590. List the prime factors of (-10)/(-3)*m/45.
2
Let p(q) = 44*q**2 - 30*q - 163. List the prime factors of p(-6).
1601
Let j(n) = -3*n**2 + 17*n + 18. Let k(g) = 2*g**2 - 16*g - 18. Let u(o) = 3*j(o) + 4*k(o). What are the prime factors of u(-10)?
2, 3
Let p(s) = -s + 6. Let x be p(4). Suppose t - x = -25. What are the prime factors of (3 - 0)/(-3)*t?
23
Suppose -t + 2*m - 46 + 18 = 0, -3*m + 87 = -4*t. List the prime factors of 12/54 - 698/t.
3, 13
Let j = 186 + 1595. What are the prime factors of j?
13, 137
What are the prime factors of (76/(-12) + 1)*(-639)/3?
2, 71
Let q(x) = -2*x**3 - 2*x**2 + 2*x + 6. Let g be 6/9*(-18)/(-2). Suppose -1 = 5*j - 2*m + g, -1 = -j + m. What are the prime factors of q(j)?
2, 3
Let a(s) = 4*s + 43. Let d be a(-10). Suppose -3*t - d*m = -417, -m = 2*m + 12. What are the prime factors of t?
11, 13
Suppose 3*w + 4*u = -5, -3*w - u + 0*u = -10. Suppose w*y = -3*n - 89 + 434, -3*y + 207 = -5*n. List the prime factors of y.
3, 23
Let z(t) = -6*t**2 + 13*t + 26. Let s(v) = -v**2 + 1. Let g(b) = 3*s(b) - z(b). List the prime factors of g(-6).
163
Let f = 1633 + 289. List the prime factors of f.
2, 31
Suppose 8*w - 4941 = -w. Suppose w - 57 = 4*z. List the prime factors of z.
3, 41
Suppose 5*m - 4*l = -0*m + 942, 0 = 3*m - 3*l - 564. What are the prime factors of m?
2, 5, 19
Let c = 11 + 177. Suppose d = 0, 5*d = -2*s + 2*d + c. List the prime factors of s.
2, 47
Let x = -43 - -34. Let a = x - -105. What are the prime factors of a?
2, 3
Let z(l) = 5*l**2 + 2*l - 2. Let q be z(-3). Suppose -3*g + 3*o - 185 = -8*g, g = 2*o + q. List the prime factors of g.
37
Let n = -5 + 9. Suppose -n*r - 5*z - 13 = -r, 5*r + z = 15. Suppose 2 = 3*u - r. What are the prime factors of u?
2
Let q(r) be the third derivative of r**5/15 - r**4/24 + r**3/6 + 2*r**2. List the prime factors of q(-4).
3, 23
Suppose 47 = 5*r - 43. Suppose -4*d = r + 6. List the prime factors of ((-10)/d)/(2/6).
5
Let l(w) = -9*w - 122. List the prime factors of l(-17).
31
Let c = -32 + 31. What are the prime factors of ((-48)/28)/(c/(63/2))?
2, 3
Let h be (-16)/20*15/6. Let q be (3 + -3)/(0 - h). Suppose -2*p - 2*v = -38, q*v + 2*v = p - 28. What are the prime factors of p?
2, 11
Let c(f) = -5*f + 14. Let h(a) = -11*a + 28. Let i(y) = 7*c(y) - 3*h(y). Let m(z) = -6*z**3 + z**2 + z. Let p be m(-1). What are the prime factors of i(p)?
2
Suppose 0 = 3*p - 2*v + 7*v - 1420, -3*p - 3*v = -1416. What are the prime factors of p?
2, 5, 47
Suppose d - 1243 - 544 = 0. What are the prime factors of d?
1787
Let o(b) be the second derivative of -22*b**3/3 + 3*b**2/2 + 4*b. What are the prime factors of o(-1)?
47
What are the prime factors of -1017*35/(-7) - (-10)/(-5)?
13, 17, 23
Let y = 138 + -13. Let m = y + -72. List the prime factors of m.
53
Let f(v) be the first derivative of -9*v**2 + v + 1. What are the prime factors of f(-2)?
37
Let p = 15 + -40. Let t be (-2)/3 - 776/(-12). Let v = t + p. List the prime factors of v.
3, 13
List the prime factors of (260*1)/(((-36)/(-3))/24).
2, 5, 13
Let u(v) = -5*v - 11*v**3 + 9 + 18*v**3 + 3*v**2 - 5*v. Let o(h) = 6*h**3 + 2*h**2 - 9*h + 8. Let p(s) = 6*o(s) - 5*u(s). What are the prime factors of p(5)?
3, 11
Let s(x) = 22*x**2 - 12*x - 24. Let g be s(12). What are the prime factors of (-10)/55 - g/(-44)?
2, 17
Let c = -31 - 6. Let t = c - -148. What are the prime factors of t?
3, 37
Let k(n) = -16*n + 2 - 5 + 36*n. Suppose -4*w = -9 + 1. List the prime factors of k(w).
37
Let y be (-6)/(-2 - 1) - 0. Suppose -4*z = -f - 1, -y*z = -5*f - 1 - 4. Suppose -j + 0*j + 22 = z. What are the prime factors of j?
2, 11
Let w(y) = 30*y**2 + 34*y - 122. List the prime factors of w(4).
2, 13, 19
Let r(a) = -6*a + 58. Let v be r(9). Suppose 0 = -v*d + 14*d - 920. List the prime factors of d.
2, 23
Let a(g) = 216*g - 187. List the prime factors of a(12).
5, 13, 37
Suppose 4*n = -2*h + 200, -14*h + 3*n = -11*h - 291. Let b = 393 - h. List the prime factors of b.
5, 59
Suppose -z + 16 + 59 = 0. Let t = z - 22. List the prime factors of t.
53
Let b be 3/21 - -5 - (-1)/(-7). Suppose 385 = b*p + d, 0 = p + 2*d - 4*d - 88. What are the prime factors of p?
2, 3, 13
Let z = -2639 - -4767. List the prime factors of z.
2, 7, 19
Let c(i) = -i + 6. Let m be c(3). Suppose -m*y = -4*w - 11, 0 = -0*y - y - 3*w + 8. Suppose 20 = g + 2*a, g - 104 = -2*g + y*a. List the prime factors of g.
2, 7
Suppose -5*n - 3*n + 2992 = 0. What are the prime factors of n?
2, 11, 17
Suppose -4*g - 4 = 5*i, -3*i - 4 = -4*g - 6*i. Let x = 0 - g. Let z = x - -9. What are the prime factors of z?
5
Let n(g) = 8*g**2 + 16*g + 19. Let l be n(-10). Suppose 0 = 5*j + 3*v - l, 4*j + 4*v = v + 526. List the prime factors of j.
7, 19
Let c be (-282)/(3/1)*-4. Let i = c - 142. Suppose 174 = 3*y - 5*b + 2*b, 4*y - 3*b = i. What are the prime factors of y?
2, 3, 5
Let h(m) = m**3 + 41*m**2 - 162*m - 29. What are the prime factors of h(-43)?
41, 79
Let m(f) = 6*f**3 - 15*f**2 - 4*f - 9. List the prime factors of m(7).
2, 643
Suppose -l + 79 = -3*z, 2*l - 164 = -2*z + 6*z. List the prime factors of l + (-3)/(6/8).
2, 3, 7
Suppose s = -s + 10, -m - 215 = 3*s. Let t = 382 + m. List the prime factors of t.
2, 19
Let v(p) = 4*p**2 + 10*p + 8. Let h(m) = 3*m - 3. Let l be h(-1). What are the prime factors of v(l)?
2, 23
Let i(q) be the first derivative of q**2/2 + 13*q - 5. Let f be i(-6). Let j = 34 - f. What are the prime factors of j?
3
Let m = 194 - 92. Let z = -438 + 438. Suppose 2*h + 2*i - i = m, 3*h + 2*i - 152 = z. What are the prime factors of h?
2, 13
Let w be 37/5 + (-9)/(-15). Suppose 0 = 4*d + 3*k + 19, k = -d - 3*k - w. Let f(g) = -g**3 - 2*g**2 + 7*g + 6. List the prime factors of f(d).
2, 5
Suppose -3*y + 4*y + 20 = 0. Let u = y + 65. List the prime factors of u.
3, 5
Let w(m) = 3*m**2 - 4. Let y be w(5). Let i be (y - 14)*(-2)/3. Let n = i + 40. What are the prime factors of n?
2
Let b be ((-9)/(-2))/((-3)/(-4)). Suppose 2*q - 1512 = -b*q. What are the prime factors of q?
3, 7
Suppose -115*n + 113*n + 3496 = -3*l, 2*n = 2*l + 3494. What are the prime factors of n?
5, 349
Suppose 11 = w - 12. Let u = -1 + w. Let q = 59 - u. List the prime factors of q.
37
Suppose 15*y - k = 11*y + 475, 0 = -2*k + 10. What are the prime factors of y?
2, 3, 5
Let z(c) = -14*c**3 - 5*c**2 - 16*c - 2. What are the prime factors of z(-5)?
13, 131
Let t(b) = b**3 + 5*b**2 - 9*b - 14. Let x be t(-6). Suppose r = 2*d - 8, -5*r - 5*d + 27 = -x*r. What are the prime factors of r?
2
Let x(q) = -5*q**2 - 8*q - 16. Let d(o) = -o**2 - o - 1. Let a(j) = 6*d(j) - x(j). Let s(c) be the first derivative of a(c). List the prime factors of s(-9).
2, 5
Suppose 0 = -4*g + 12858 - 106. What are the prime factors of g?
2, 797
Let c = -567 + 853. List the prime factors of c.
2, 11, 13
Let y(q) = -2*q + 2*q + 12*q**2 + 2 + q + 3*q. List the prime factors of y(-2).
2, 3, 7
Let h(f) = -55 + 177 - 2*f - f**2 + 2*f. What are the prime factors of h(0)?
2, 61
Let s(h) = -47*h**3 + 2*h**2 + h - 2. Let j be s(-2). Let t = j - 248. Suppose -166 = -0*l - 5*l - 3*w, t = 4*l + 2*w. What are the prime factors of l?
2
Let d(x) = 25*x**3 - x**2 + 5*x - 8. What are the prime factors of d(2)?
2, 3, 11
Let l = -9 - -103. List the prime factors of 0 + l + 4/1.
2, 7
Let y = 1613 + -959. List the prime factors of y.
2, 3, 109
Let c = -43 + 41. Suppose 11 = k - 9. What are the prime factors of k + c/(-2) - 1?
2, 5
Let p(k) be the first derivative of -5*k**2 + k - 5. Let q be p(2). List the prime factors of (-1)/1 + (1 - q).
19
Let t(k) = -k**2 + 48*k - 215. Let l be t(36). Let a = -6 + 14. Suppose -a*j = -l - 127. What are the prime factors of j?
43
Let t(o) = -o + 23. Let v be (-40)/(-3) + (-6)/(-9). Suppose -2*p + v = -8. What are the prime factors of t(p)?
2, 3
Suppose -2413 = -5*x - 2*i - 0*i, -4*x + 2*i + 1916 = 0. What are the prime factors of x?
13, 37
Let q = -661 - -1517. Suppose -6*o + q = -296. List the prime factors of o.
2, 3
Suppose -3*i = 5*l + 23, -3*l + l - 26 = 4*i. Let t(r) = -22*r - 16. List the prime factors of